{"id":27,"date":"2008-07-13T18:52:23","date_gmt":"2008-07-13T16:52:23","guid":{"rendered":"http:\/\/www.kunstgalerie-barbara.de\/Homepage\/blog2\/?page_id=27"},"modified":"2008-07-14T11:43:07","modified_gmt":"2008-07-14T09:43:07","slug":"ratselhafte-symptomatik","status":"publish","type":"page","link":"http:\/\/www.kunstgalerie-barbara.de\/Homepage\/blog2\/ratselhafte-symptomatik\/","title":{"rendered":"R\u00e4tselhafte Symptomatik"},"content":{"rendered":"<p>Jeder denkt, wenn von den Wechseljahren die Rede ist, an die bekannten Schwei\u00dfausbr\u00fcche und die dazugeh\u00f6renden Hitzewallungen. Dass es auch eine F\u00fclle von anderen Symptomen in den Wechseljahren geben kann, die ich in keiner der vielen Publikationen gefunden habe, erfuhr ich in den vergangenen sieben Jahren.<br \/>\nRegelm\u00e4\u00dfig glaubte ich, dass diese Symptome aber auch gar nichts mit dem Klimakterium zu tun hatten. So zum Beispiel, die diversen Luftr\u00f6hrenreizungen unter denen ich ganz besonders 2002 und 2003 zu leiden hatte. Es ist zwar bekannt, dass Frauen in und nach den Wechseljahren an einer zu trockenen Scheidenschleimhaut leiden k\u00f6nnen, da der menschliche Organismus jedoch als rundes Ganzes betrachtet werden muss, ist es nicht \u00fcberraschend, wenn auch andere mit Schleimhaut bedeckten K\u00f6rperorgane von diesem Ph\u00e4nomen betroffen sind. Zus\u00e4tzlich litt ich unter undefinierbaren morgendlichen Muskelschmerzen. Mitunter griff dies auch auf meine Augenmuskulatur \u00fcber. Es waren Gef\u00fchle, als h\u00e4tte mich ein grippaler Infekt gepackt. \u00dcber den Tag hinweg verschwanden diese Symptome wieder, um am n\u00e4chsten Morgen erneut zu erscheinen.<br \/>\nWas fing ich damit an, au\u00dfer, dass es mich nicht wenig beunruhigte und ich mich unter einem permanenten Infekt w\u00e4hnte? \u00dcbrigens auch Muskelverspannungen, Verkrampfungen sind Teil des nicht gerade kleinen Repertoires.<br \/>\nDass der gesamte Schamhaarbereich gelegentlich wie Teufel juckte, geh\u00f6rte schon in den Bereich der Routine und hatte insgesamt nichts Beunruhigendes an sich. Mir war diese Symptomatik bereits durch meine Mutter bekannt. Eins der wenigen Dinge, die sie mir anvertraute, als sie sich selbst in den Wechseljahren befand. Desgleichen juckende Br\u00fcste oder besser Brustwarzen.<br \/>\nJuckende Br\u00fcste waren auf jeden Fall wesentlich leichter zu ertragen, als Spannen in den Br\u00fcsten und Wassereinlagerungen, die mich nicht wenig beunruhigten, ja Angst machten. Dieses Ph\u00e4nomen lie\u00df mich st\u00e4ndig an Tumore denken. Allein die Tatsache, dass sie \u00fcber den Tag wieder verschwanden beruhigte mich wieder ein wenig.<br \/>\nWas mich \u00fcber diese ganze Symptomatik hinaus, die meist niemals in ihrer Gesamtheit auftrat, sehr mitnahm, waren die Stunden, die ich nachts wachlag, ob nun auf Grund von Dauerschwei\u00dfausbr\u00fcchen oder ohne. Nachts wach, was bedeutet absolut putzmunter im Bett herumzuliegen, empfand oder empfinde ich als absolute Gemeinheit.<br \/>\n\u00dcbrigens mehr oder weniger gro\u00dfe blaue Flecken sind ganz nebenbei auch ein Symptom der Wechseljahre. In regelm\u00e4ssigen oder unregelm\u00e4ssigen Abst\u00e4nden war mein K\u00f6rper mit H\u00e4matomen in unterschiedlichster St\u00e4rke bedeckt, so als w\u00e4re ich in Clinch mit irgendwem oder irgend etwas gewesen. Statt dessen war ich wahrscheinlich nur ganz normal mit h\u00e4rteren Gegenst\u00e4nden in Ber\u00fchrung gekommen, hatte mich gesto\u00dfen. Was war los mit mir? Eines Tages las ich irgendwo, dass auch dies Symptom zum klimakterischen k\u00f6rperlichen Repertoire geh\u00f6rt.<br \/>\nWohlgemerkt, ich schreibe dies nicht um Frauen zu \u00e4ngstigen, ganz im Gegenteil. Es ist auch nicht gesagt, dass sie unter diesen Symptomen zwangsl\u00e4ufig leiden m\u00fcssen, dennoch, wenn sie dies eine oder andere in meinen Beschreibungen wiedererkennen, k\u00f6nnen sie es vielleicht besser einordnen, als ich es vermochte.<\/p>\n","protected":false},"excerpt":{"rendered":"<p>Jeder denkt, wenn von den Wechseljahren die Rede ist, an die bekannten Schwei\u00dfausbr\u00fcche und die dazugeh\u00f6renden Hitzewallungen. Dass es auch eine F\u00fclle von anderen Symptomen in den Wechseljahren geben kann, die ich in keiner der vielen Publikationen gefunden habe, erfuhr ich in den vergangenen sieben Jahren. Regelm\u00e4\u00dfig glaubte ich, dass diese Symptome aber auch gar nichts mit dem Klimakterium zu tun hatten. So zum Beispiel, die diversen Luftr\u00f6hrenreizungen unter denen ich ganz besonders 2002 und 2003 zu leiden hatte. Es ist zwar bekannt, dass Frauen in und nach den Wechseljahren an einer zu trockenen Scheidenschleimhaut leiden k\u00f6nnen, da der menschliche Organismus jedoch als rundes Ganzes betrachtet werden muss, ist es nicht \u00fcberraschend, wenn auch andere mit Schleimhaut bedeckten K\u00f6rperorgane von diesem Ph\u00e4nomen betroffen sind. Zus\u00e4tzlich litt ich unter undefinierbaren morgendlichen Muskelschmerzen. Mitunter griff dies auch auf meine Augenmuskulatur \u00fcber. Es waren Gef\u00fchle, als h\u00e4tte mich ein grippaler Infekt gepackt. \u00dcber den Tag hinweg verschwanden diese Symptome wieder, um am n\u00e4chsten Morgen erneut zu erscheinen. Was fing ich damit an, au\u00dfer, dass es mich nicht wenig beunruhigte und ich mich unter einem permanenten Infekt w\u00e4hnte? \u00dcbrigens auch Muskelverspannungen, Verkrampfungen sind Teil des nicht gerade kleinen Repertoires. Dass der gesamte Schamhaarbereich gelegentlich wie Teufel juckte, geh\u00f6rte schon in den Bereich der Routine und hatte insgesamt nichts Beunruhigendes an sich. Mir war diese Symptomatik bereits durch meine Mutter bekannt. Eins der wenigen Dinge, die sie mir anvertraute, als sie sich selbst in den Wechseljahren befand. Desgleichen juckende Br\u00fcste oder besser Brustwarzen. Juckende Br\u00fcste waren auf jeden Fall wesentlich leichter zu ertragen, als Spannen in den Br\u00fcsten und Wassereinlagerungen, die mich nicht wenig beunruhigten, ja Angst machten. Dieses Ph\u00e4nomen lie\u00df mich st\u00e4ndig an Tumore denken. Allein die Tatsache, dass sie \u00fcber den Tag wieder verschwanden beruhigte mich wieder ein wenig. Was mich \u00fcber diese ganze Symptomatik hinaus, die meist niemals in ihrer Gesamtheit auftrat, sehr mitnahm, waren die Stunden, die ich nachts wachlag, ob nun auf Grund von Dauerschwei\u00dfausbr\u00fcchen oder ohne. Nachts wach, was bedeutet absolut putzmunter im Bett herumzuliegen, empfand oder empfinde ich als absolute Gemeinheit. \u00dcbrigens mehr oder weniger gro\u00dfe blaue Flecken sind ganz nebenbei auch ein Symptom der Wechseljahre. In regelm\u00e4ssigen oder unregelm\u00e4ssigen Abst\u00e4nden war mein K\u00f6rper mit H\u00e4matomen in unterschiedlichster St\u00e4rke bedeckt, so als w\u00e4re ich in Clinch mit irgendwem oder irgend etwas gewesen. Statt dessen war ich wahrscheinlich nur ganz normal mit h\u00e4rteren Gegenst\u00e4nden in Ber\u00fchrung gekommen, hatte mich gesto\u00dfen. Was war los mit mir? Eines Tages las ich irgendwo, dass auch dies Symptom zum klimakterischen k\u00f6rperlichen Repertoire geh\u00f6rt. Wohlgemerkt, ich schreibe dies nicht um Frauen zu \u00e4ngstigen, ganz im Gegenteil. Es ist auch nicht gesagt, dass sie unter diesen Symptomen zwangsl\u00e4ufig leiden m\u00fcssen, dennoch, wenn sie dies eine oder andere in meinen Beschreibungen wiedererkennen, k\u00f6nnen sie es vielleicht besser einordnen, als ich es vermochte.<\/p>\n","protected":false},"author":1,"featured_media":0,"parent":0,"menu_order":30,"comment_status":"open","ping_status":"open","template":"","meta":[],"_links":{"self":[{"href":"http:\/\/www.kunstgalerie-barbara.de\/Homepage\/blog2\/wp-json\/wp\/v2\/pages\/27"}],"collection":[{"href":"http:\/\/www.kunstgalerie-barbara.de\/Homepage\/blog2\/wp-json\/wp\/v2\/pages"}],"about":[{"href":"http:\/\/www.kunstgalerie-barbara.de\/Homepage\/blog2\/wp-json\/wp\/v2\/types\/page"}],"author":[{"embeddable":true,"href":"http:\/\/www.kunstgalerie-barbara.de\/Homepage\/blog2\/wp-json\/wp\/v2\/users\/1"}],"replies":[{"embeddable":true,"href":"http:\/\/www.kunstgalerie-barbara.de\/Homepage\/blog2\/wp-json\/wp\/v2\/comments?post=27"}],"version-history":[{"count":0,"href":"http:\/\/www.kunstgalerie-barbara.de\/Homepage\/blog2\/wp-json\/wp\/v2\/pages\/27\/revisions"}],"wp:attachment":[{"href":"http:\/\/www.kunstgalerie-barbara.de\/Homepage\/blog2\/wp-json\/wp\/v2\/media?parent=27"}],"curies":[{"name":"wp","href":"https:\/\/api.w.org\/{rel}","templated":true}]}}