{"id":6,"date":"2008-07-13T18:38:07","date_gmt":"2008-07-13T16:38:07","guid":{"rendered":"http:\/\/www.kunstgalerie-barbara.de\/Homepage\/blog2\/?page_id=6"},"modified":"2008-07-14T11:30:18","modified_gmt":"2008-07-14T09:30:18","slug":"fehlender-gedankenaustausch-mit-meiner-mutter","status":"publish","type":"page","link":"http:\/\/www.kunstgalerie-barbara.de\/Homepage\/blog2\/fehlender-gedankenaustausch-mit-meiner-mutter\/","title":{"rendered":"Fehlender Gedankenaustausch mit meiner Mutter"},"content":{"rendered":"<p>In meiner vorklimakterischen Zeit, also der Zeit nach der Geburt meines Sohnes, den ich mit 41 Jahren bekam, besch\u00e4ftigten mich die Wechseljahre sehr.<br \/>\nIch sammelte Brosch\u00fcren dar\u00fcber, die bei meiner Frauen\u00e4rztin herumlagen. Ich sammelte Wissen an \u00fcber die Zeit, die mich demn\u00e4chst erwartete. Ich wollte nicht unvorbereitet sein.<br \/>\nIn diesen Brosch\u00fcren und Publikationen stand mit unvergleichlich herunterspielendem Optimismus wie \u201cFrau\u201d mit dieser Zeit umzugehen hat, wie alles doch leicht in den Griff zu bekommen sei mit sportlicher Bet\u00e4tigung, gesunder Ern\u00e4hrung und positiven Gedanken. Dann sei es eine Zeit, die man m\u00fchelos bew\u00e4ltigen k\u00f6nne, die im Fluge an einem vorbei ginge, ohne sie gro\u00dfartig zur Kenntnis nehmen zu m\u00fcssen.<br \/>\nDie unangenehmen Begleitumst\u00e4nde, wie Hitzewallungen etc., wurden nur beil\u00e4ufig erw\u00e4hnt. Sie spielten keine gro\u00dfe Rolle in der so pflegeleichten \u00dcbergangszeit, die \u201cFrau\u201d wie gesagt ohne Probleme durchstehen k\u00f6nne.<br \/>\nNichts stand in diesen Brosch\u00fcren von seelischen N\u00f6ten, Belastungen, von starken k\u00f6rperlichen Beschwerden. Mit dieser im Gro\u00dfen und Ganzen optimistischen Naivit\u00e4t maschierte ich in diese Zeit hinein.<br \/>\nNat\u00fcrlich hatte ich die Hitzewallungen meiner Mutter im Hinterkopf und auch, dass dieser Umbruch bei ihr nicht so ganz problemlos von Statten gegeangen sein musste, aber ich dachte dennoch: \u201eMutter ist Mutter und ich bin eben ich.\u201d<br \/>\nEin gedanklicher Austausch der Gef\u00fchle mit meiner Mutter hatte seinerzeit nicht statt gefunden. Sie hatte sich lediglich in Andeutungen dar\u00fcber ge\u00e4u\u00dfert , was sie wohl erleiden musste. Ich muss zu meiner Schande gestehen, es h\u00e4tte mich auch seinerzeit nicht sonderlich interessiert.<br \/>\nHeute, wo sie schon fast 20 Jahre nicht mehr lebt, k\u00f6nnte ich eine gedankliche Unterst\u00fctzung ihrereseits sehr gut gebrauchen.<br \/>\nMeine Mutter war keine schweigsame Frau, nein, ganz gewiss nicht, sie war absolut extrovertriert, aufgeschlossen allen m\u00f6glichen Themen gegen\u00fcber, jedoch war das Thema Wechseljahr ein Tabuthema, so wie es das heute auch zu sein scheint.<\/p>\n","protected":false},"excerpt":{"rendered":"<p>In meiner vorklimakterischen Zeit, also der Zeit nach der Geburt meines Sohnes, den ich mit 41 Jahren bekam, besch\u00e4ftigten mich die Wechseljahre sehr. Ich sammelte Brosch\u00fcren dar\u00fcber, die bei meiner Frauen\u00e4rztin herumlagen. Ich sammelte Wissen an \u00fcber die Zeit, die mich demn\u00e4chst erwartete. Ich wollte nicht unvorbereitet sein. In diesen Brosch\u00fcren und Publikationen stand mit unvergleichlich herunterspielendem Optimismus wie \u201cFrau\u201d mit dieser Zeit umzugehen hat, wie alles doch leicht in den Griff zu bekommen sei mit sportlicher Bet\u00e4tigung, gesunder Ern\u00e4hrung und positiven Gedanken. Dann sei es eine Zeit, die man m\u00fchelos bew\u00e4ltigen k\u00f6nne, die im Fluge an einem vorbei ginge, ohne sie gro\u00dfartig zur Kenntnis nehmen zu m\u00fcssen. Die unangenehmen Begleitumst\u00e4nde, wie Hitzewallungen etc., wurden nur beil\u00e4ufig erw\u00e4hnt. Sie spielten keine gro\u00dfe Rolle in der so pflegeleichten \u00dcbergangszeit, die \u201cFrau\u201d wie gesagt ohne Probleme durchstehen k\u00f6nne. Nichts stand in diesen Brosch\u00fcren von seelischen N\u00f6ten, Belastungen, von starken k\u00f6rperlichen Beschwerden. Mit dieser im Gro\u00dfen und Ganzen optimistischen Naivit\u00e4t maschierte ich in diese Zeit hinein. Nat\u00fcrlich hatte ich die Hitzewallungen meiner Mutter im Hinterkopf und auch, dass dieser Umbruch bei ihr nicht so ganz problemlos von Statten gegeangen sein musste, aber ich dachte dennoch: \u201eMutter ist Mutter und ich bin eben ich.\u201d Ein gedanklicher Austausch der Gef\u00fchle mit meiner Mutter hatte seinerzeit nicht statt gefunden. Sie hatte sich lediglich in Andeutungen dar\u00fcber ge\u00e4u\u00dfert , was sie wohl erleiden musste. Ich muss zu meiner Schande gestehen, es h\u00e4tte mich auch seinerzeit nicht sonderlich interessiert. Heute, wo sie schon fast 20 Jahre nicht mehr lebt, k\u00f6nnte ich eine gedankliche Unterst\u00fctzung ihrereseits sehr gut gebrauchen. Meine Mutter war keine schweigsame Frau, nein, ganz gewiss nicht, sie war absolut extrovertriert, aufgeschlossen allen m\u00f6glichen Themen gegen\u00fcber, jedoch war das Thema Wechseljahr ein Tabuthema, so wie es das heute auch zu sein scheint.<\/p>\n","protected":false},"author":1,"featured_media":0,"parent":0,"menu_order":8,"comment_status":"open","ping_status":"open","template":"","meta":[],"_links":{"self":[{"href":"http:\/\/www.kunstgalerie-barbara.de\/Homepage\/blog2\/wp-json\/wp\/v2\/pages\/6"}],"collection":[{"href":"http:\/\/www.kunstgalerie-barbara.de\/Homepage\/blog2\/wp-json\/wp\/v2\/pages"}],"about":[{"href":"http:\/\/www.kunstgalerie-barbara.de\/Homepage\/blog2\/wp-json\/wp\/v2\/types\/page"}],"author":[{"embeddable":true,"href":"http:\/\/www.kunstgalerie-barbara.de\/Homepage\/blog2\/wp-json\/wp\/v2\/users\/1"}],"replies":[{"embeddable":true,"href":"http:\/\/www.kunstgalerie-barbara.de\/Homepage\/blog2\/wp-json\/wp\/v2\/comments?post=6"}],"version-history":[{"count":0,"href":"http:\/\/www.kunstgalerie-barbara.de\/Homepage\/blog2\/wp-json\/wp\/v2\/pages\/6\/revisions"}],"wp:attachment":[{"href":"http:\/\/www.kunstgalerie-barbara.de\/Homepage\/blog2\/wp-json\/wp\/v2\/media?parent=6"}],"curies":[{"name":"wp","href":"https:\/\/api.w.org\/{rel}","templated":true}]}}