{"id":21567,"date":"2020-06-03T12:10:33","date_gmt":"2020-06-03T10:10:33","guid":{"rendered":"http:\/\/www.kunstgalerie-barbara.de\/blog\/?page_id=21567"},"modified":"2020-06-03T12:10:33","modified_gmt":"2020-06-03T10:10:33","slug":"meine-buecher","status":"publish","type":"page","link":"http:\/\/www.kunstgalerie-barbara.de\/blog\/meine-buecher\/","title":{"rendered":"Meine B\u00fccher"},"content":{"rendered":"<p>Duch einen Klick auf die Cover gelangt man direkt auf die \u00dcbersichtsliste bei Amazon, die alle von mir publizierten B\u00fccher enth\u00e4lt!<\/p>\n<p><a href=\"https:\/\/www.amazon.de\/dp\/3748167563\/\"><img loading=\"lazy\" decoding=\"async\" class=\"size-full wp-image-20605 alignleft\" src=\"http:\/\/www.kunstgalerie-barbara.de\/blog\/wp-content\/uploads\/2019\/03\/Cover-aufeinenschlag2.jpg\" alt=\"\" width=\"175\" height=\"136\" \/><\/a><\/p>\n<p>TB &#8211; 5,99 \u20ac &#8211; 116 Seiten &#8211; 1. Auflage &#8211; \u00a9 2019<br \/>\nBei klick auf das Buch, kann man es bei Amazon bestellen!<\/p>\n<p>&nbsp;<\/p>\n<p>&nbsp;<\/p>\n<p><a href=\"https:\/\/www.amazon.de\/dp\/3752855142\/ref=sr_1_2?s=books&amp;ie=UTF8&amp;qid=1538549344&amp;sr=1-2\"><img loading=\"lazy\" decoding=\"async\" class=\"size-full wp-image-20183 alignleft\" src=\"http:\/\/www.kunstgalerie-barbara.de\/blog\/wp-content\/uploads\/2018\/10\/kinderkinder.jpg\" alt=\"\" width=\"175\" height=\"133\" \/><\/a><\/p>\n<p>TB &#8211; 6,99 \u20ac &#8211; 156 Seiten &#8211; 1. Auflage &#8211; \u00a9 2018<br \/>\nBei klick auf das Buch, kann man es bei Amazon bestellen!<\/p>\n<p>&nbsp;<\/p>\n<p>&nbsp;<\/p>\n<p><a href=\"https:\/\/www.bod.de\/index.php?id=1132&amp;objk_id=726486\"><img loading=\"lazy\" decoding=\"async\" class=\"size-full wp-image-10269 alignleft\" src=\"http:\/\/www.kunstgalerie-barbara.de\/blog\/wp-content\/uploads\/2012\/06\/Der_Kotzbrocken.jpg\" alt=\"\" width=\"200\" height=\"153\" \/><\/a><\/p>\n<p>&nbsp;<\/p>\n<p>TB &#8211; 10,90 \u20ac &#8211; 176 Seiten &#8211; 1. Auflage &#8211; \u00a9 2012<br \/>\nBei klick auf das Buch, kann man es bei BoD bestellen!<\/p>\n<p>&nbsp;<\/p>\n<p><a href=\"http:\/\/www.amazon.de\/Barbara-Wenzel-Winter\/e\/B0045AJFWK\/ref=sr_ntt_srch_lnk_1?qid=1385793073&amp;sr=8-1\"><img loading=\"lazy\" decoding=\"async\" class=\"size-medium alignleft\" src=\"http:\/\/www.kunstgalerie-barbara.de\/Autobiografie\/Cover_Tabuthema.jpg\" width=\"200\" height=\"156\" \/><\/a><\/p>\n<p>TB &#8211; 8,90 \u20ac &#8211; 140 Seiten &#8211; 3. Auflage &#8211; \u00a9 2008<\/p>\n<p>Auch als <span style=\"color: #ff0000;\">eBook bei BoD<\/span> direkt zu erwerben: <a href=\"http:\/\/www.bod.de\/shop.html\">BoD Buchshop<\/a><\/p>\n<p>&nbsp;<\/p>\n<p>&nbsp;<\/p>\n<p><a href=\"http:\/\/www.amazon.de\/s\/ref=nb_sb_noss?__mk_de_DE=%C3%85M%C3%85Z%C3%95%C3%91&amp;url=search-alias%3Daps&amp;field-keywords=Barbara+Wenzel-Winter\"><img loading=\"lazy\" decoding=\"async\" class=\"size-medium alignleft\" src=\"http:\/\/www.kunstgalerie-barbara.de\/Autobiografie\/cover_Ein-Bild-von-mir.jpg\" width=\"200\" height=\"153\" \/><\/a><\/p>\n<p>&nbsp;<\/p>\n<p>TB &#8211; 8,90 \u20ac &#8211; 152 Seiten &#8211; 1. Auflage &#8211; \u00a9 2009<\/p>\n<p>&nbsp;<\/p>\n<p>&nbsp;<\/p>\n<p><a href=\"http:\/\/www.amazon.de\/Barbara-Wenzel-Winter\/e\/B0045AJFWK\/ref=sr_ntt_srch_lnk_1?qid=1385793073&amp;sr=8-1\"><img loading=\"lazy\" decoding=\"async\" class=\"size-medium alignleft\" src=\"http:\/\/www.kunstgalerie-barbara.de\/Autobiografie\/Cover_Katze.jpg\" width=\"200\" height=\"155\" \/><\/a><\/p>\n<p>&nbsp;<\/p>\n<p>TB &#8211; 8,90 \u20ac &#8211; 128 Seiten &#8211; 2. Auflage &#8211; \u00a9 2008<\/p>\n<p>&nbsp;<\/p>\n<p>&nbsp;<\/p>\n<p><a href=\"http:\/\/www.amazon.de\/s\/ref=nb_sb_noss?__mk_de_DE=%C3%85M%C3%85Z%C3%95%C3%91&amp;url=search-alias%3Daps&amp;field-keywords=Barbara+Wenzel-Winter\"><img loading=\"lazy\" decoding=\"async\" class=\"size-medium alignleft\" src=\"http:\/\/www.kunstgalerie-barbara.de\/Autobiografie\/Cover_Storch_im_Salat.jpg\" width=\"200\" height=\"159\" \/><\/a><\/p>\n<p>&nbsp;<\/p>\n<p>TB &#8211; 9,90 \u20ac &#8211; 160 Seiten &#8211; 4. Auflage &#8211; \u00a9 2009<\/p>\n<p>&nbsp;<\/p>\n<p>&nbsp;<\/p>\n<p><a href=\"http:\/\/www.amazon.de\/s\/ref=nb_sb_noss?__mk_de_DE=%C3%85M%C3%85Z%C3%95%C3%91&amp;url=search-alias%3Daps&amp;field-keywords=Barbara+Wenzel-Winter\"><img loading=\"lazy\" decoding=\"async\" class=\"size-medium alignleft\" src=\"http:\/\/www.kunstgalerie-barbara.de\/Autobiografie\/katzeundco.jpg\" width=\"200\" height=\"154\" \/><\/a><\/p>\n<p>&nbsp;<\/p>\n<p>TB &#8211; 10,- \u20ac &#8211; 164 Seiten &#8211; 1. Auflage &#8211; \u00a92008<\/p>\n","protected":false},"excerpt":{"rendered":"<p>Duch einen Klick auf die Cover gelangt man direkt auf die \u00dcbersichtsliste bei Amazon, die alle von mir publizierten B\u00fccher enth\u00e4lt! TB &#8211; 5,99 \u20ac &#8211; 116 Seiten &#8211; 1. Auflage &#8211; \u00a9 2019 Bei klick auf das Buch, kann man es bei Amazon bestellen! &nbsp; &nbsp; TB &#8211; 6,99 \u20ac &#8211; 156 Seiten &#8211; 1. Auflage &#8211; \u00a9 2018 Bei klick auf das Buch, kann man es bei Amazon bestellen! &nbsp; &nbsp; &nbsp; TB &#8211; 10,90 \u20ac &#8211; 176 Seiten &#8211; 1. Auflage &#8211; \u00a9 2012 Bei klick auf das Buch, kann man es bei BoD bestellen! &nbsp; TB &#8211; 8,90 \u20ac &#8211; 140 Seiten &#8211; 3. Auflage &#8211; \u00a9 2008 Auch als eBook bei BoD direkt zu erwerben: BoD Buchshop &nbsp; &nbsp; &nbsp; TB &#8211; 8,90 \u20ac &#8211; 152 Seiten &#8211; 1. Auflage &#8211; \u00a9 2009 &nbsp; &nbsp; &nbsp; TB &#8211; 8,90 \u20ac &#8211; 128 Seiten &#8211; 2. Auflage &#8211; \u00a9 2008 &nbsp; &nbsp; &nbsp; TB &#8211; 9,90 \u20ac &#8211; 160 Seiten &#8211; 4. Auflage &#8211; \u00a9 2009 &nbsp; &nbsp; &nbsp; TB &#8211; 10,- \u20ac &#8211; 164 Seiten &#8211; 1. Auflage &#8211; \u00a92008<\/p>\n","protected":false},"author":1,"featured_media":0,"parent":0,"menu_order":0,"comment_status":"closed","ping_status":"closed","template":"","meta":{"footnotes":""},"_links":{"self":[{"href":"http:\/\/www.kunstgalerie-barbara.de\/blog\/wp-json\/wp\/v2\/pages\/21567"}],"collection":[{"href":"http:\/\/www.kunstgalerie-barbara.de\/blog\/wp-json\/wp\/v2\/pages"}],"about":[{"href":"http:\/\/www.kunstgalerie-barbara.de\/blog\/wp-json\/wp\/v2\/types\/page"}],"author":[{"embeddable":true,"href":"http:\/\/www.kunstgalerie-barbara.de\/blog\/wp-json\/wp\/v2\/users\/1"}],"replies":[{"embeddable":true,"href":"http:\/\/www.kunstgalerie-barbara.de\/blog\/wp-json\/wp\/v2\/comments?post=21567"}],"version-history":[{"count":2,"href":"http:\/\/www.kunstgalerie-barbara.de\/blog\/wp-json\/wp\/v2\/pages\/21567\/revisions"}],"predecessor-version":[{"id":21577,"href":"http:\/\/www.kunstgalerie-barbara.de\/blog\/wp-json\/wp\/v2\/pages\/21567\/revisions\/21577"}],"wp:attachment":[{"href":"http:\/\/www.kunstgalerie-barbara.de\/blog\/wp-json\/wp\/v2\/media?parent=21567"}],"curies":[{"name":"wp","href":"https:\/\/api.w.org\/{rel}","templated":true}]}}

Meine Bücher

<p>Duch einen Klick auf die Cover gelangt man direkt auf die Übersichtsliste bei Amazon, die alle von mir publizierten Bücher enthält!</p>
<p><a href="https://www.amazon.de/dp/3748167563/"><img loading="lazy" decoding="async" class="size-full wp-image-20605 alignleft" src="http://www.kunstgalerie-barbara.de/blog/wp-content/uploads/2019/03/Cover-aufeinenschlag2.jpg" alt="" width="175" height="136" /></a></p>
<p>TB &#8211; 5,99 € &#8211; 116 Seiten &#8211; 1. Auflage &#8211; © 2019<br />
Bei klick auf das Buch, kann man es bei Amazon bestellen!</p>
<p>&nbsp;</p>
<p>&nbsp;</p>
<p><a href="https://www.amazon.de/dp/3752855142/ref=sr_1_2?s=books&amp;ie=UTF8&amp;qid=1538549344&amp;sr=1-2"><img loading="lazy" decoding="async" class="size-full wp-image-20183 alignleft" src="http://www.kunstgalerie-barbara.de/blog/wp-content/uploads/2018/10/kinderkinder.jpg" alt="" width="175" height="133" /></a></p>
<p>TB &#8211; 6,99 € &#8211; 156 Seiten &#8211; 1. Auflage &#8211; © 2018<br />
Bei klick auf das Buch, kann man es bei Amazon bestellen!</p>
<p>&nbsp;</p>
<p>&nbsp;</p>
<p><a href="https://www.bod.de/index.php?id=1132&amp;objk_id=726486"><img loading="lazy" decoding="async" class="size-full wp-image-10269 alignleft" src="http://www.kunstgalerie-barbara.de/blog/wp-content/uploads/2012/06/Der_Kotzbrocken.jpg" alt="" width="200" height="153" /></a></p>
<p>&nbsp;</p>
<p>TB &#8211; 10,90 € &#8211; 176 Seiten &#8211; 1. Auflage &#8211; © 2012<br />
Bei klick auf das Buch, kann man es bei BoD bestellen!</p>
<p>&nbsp;</p>
<p><a href="http://www.amazon.de/Barbara-Wenzel-Winter/e/B0045AJFWK/ref=sr_ntt_srch_lnk_1?qid=1385793073&amp;sr=8-1"><img loading="lazy" decoding="async" class="size-medium alignleft" src="http://www.kunstgalerie-barbara.de/Autobiografie/Cover_Tabuthema.jpg" width="200" height="156" /></a></p>
<p>TB &#8211; 8,90 € &#8211; 140 Seiten &#8211; 3. Auflage &#8211; © 2008</p>
<p>Auch als <span style="color: #ff0000;">eBook bei BoD</span> direkt zu erwerben: <a href="http://www.bod.de/shop.html">BoD Buchshop</a></p>
<p>&nbsp;</p>
<p>&nbsp;</p>
<p><a href="http://www.amazon.de/s/ref=nb_sb_noss?__mk_de_DE=%C3%85M%C3%85Z%C3%95%C3%91&amp;url=search-alias%3Daps&amp;field-keywords=Barbara+Wenzel-Winter"><img loading="lazy" decoding="async" class="size-medium alignleft" src="http://www.kunstgalerie-barbara.de/Autobiografie/cover_Ein-Bild-von-mir.jpg" width="200" height="153" /></a></p>
<p>&nbsp;</p>
<p>TB &#8211; 8,90 € &#8211; 152 Seiten &#8211; 1. Auflage &#8211; © 2009</p>
<p>&nbsp;</p>
<p>&nbsp;</p>
<p><a href="http://www.amazon.de/Barbara-Wenzel-Winter/e/B0045AJFWK/ref=sr_ntt_srch_lnk_1?qid=1385793073&amp;sr=8-1"><img loading="lazy" decoding="async" class="size-medium alignleft" src="http://www.kunstgalerie-barbara.de/Autobiografie/Cover_Katze.jpg" width="200" height="155" /></a></p>
<p>&nbsp;</p>
<p>TB &#8211; 8,90 € &#8211; 128 Seiten &#8211; 2. Auflage &#8211; © 2008</p>
<p>&nbsp;</p>
<p>&nbsp;</p>
<p><a href="http://www.amazon.de/s/ref=nb_sb_noss?__mk_de_DE=%C3%85M%C3%85Z%C3%95%C3%91&amp;url=search-alias%3Daps&amp;field-keywords=Barbara+Wenzel-Winter"><img loading="lazy" decoding="async" class="size-medium alignleft" src="http://www.kunstgalerie-barbara.de/Autobiografie/Cover_Storch_im_Salat.jpg" width="200" height="159" /></a></p>
<p>&nbsp;</p>
<p>TB &#8211; 9,90 € &#8211; 160 Seiten &#8211; 4. Auflage &#8211; © 2009</p>
<p>&nbsp;</p>
<p>&nbsp;</p>
<p><a href="http://www.amazon.de/s/ref=nb_sb_noss?__mk_de_DE=%C3%85M%C3%85Z%C3%95%C3%91&amp;url=search-alias%3Daps&amp;field-keywords=Barbara+Wenzel-Winter"><img loading="lazy" decoding="async" class="size-medium alignleft" src="http://www.kunstgalerie-barbara.de/Autobiografie/katzeundco.jpg" width="200" height="154" /></a></p>
<p>&nbsp;</p>
<p>TB &#8211; 10,- € &#8211; 164 Seiten &#8211; 1. Auflage &#8211; ©2008</p>

<p>Duch einen Klick auf die Cover gelangt man direkt auf die Übersichtsliste bei Amazon, die alle von mir publizierten Bücher enthält! TB &#8211; 5,99 € &#8211; 116 Seiten &#8211; 1. Auflage &#8211; © 2019 Bei klick auf das Buch, kann man es bei Amazon bestellen! &nbsp; &nbsp; TB &#8211; 6,99 € &#8211; 156 Seiten &#8211; 1. Auflage &#8211; © 2018 Bei klick auf das Buch, kann man es bei Amazon bestellen! &nbsp; &nbsp; &nbsp; TB &#8211; 10,90 € &#8211; 176 Seiten &#8211; 1. Auflage &#8211; © 2012 Bei klick auf das Buch, kann man es bei BoD bestellen! &nbsp; TB &#8211; 8,90 € &#8211; 140 Seiten &#8211; 3. Auflage &#8211; © 2008 Auch als eBook bei BoD direkt zu erwerben: BoD Buchshop &nbsp; &nbsp; &nbsp; TB &#8211; 8,90 € &#8211; 152 Seiten &#8211; 1. Auflage &#8211; © 2009 &nbsp; &nbsp; &nbsp; TB &#8211; 8,90 € &#8211; 128 Seiten &#8211; 2. Auflage &#8211; © 2008 &nbsp; &nbsp; &nbsp; TB &#8211; 9,90 € &#8211; 160 Seiten &#8211; 4. Auflage &#8211; © 2009 &nbsp; &nbsp; &nbsp; TB &#8211; 10,- € &#8211; 164 Seiten &#8211; 1. Auflage &#8211; ©2008</p>
