{"id":3,"date":"2007-04-22T13:04:13","date_gmt":"2007-04-22T12:04:13","guid":{"rendered":"http:\/\/www.kunstgalerie-barbara.de\/blog\/?page_id=3"},"modified":"2020-06-05T07:14:26","modified_gmt":"2020-06-05T05:14:26","slug":"ueber-mich","status":"publish","type":"page","link":"http:\/\/www.kunstgalerie-barbara.de\/blog\/ueber-mich\/","title":{"rendered":"\u00dcber mich&#8230;"},"content":{"rendered":"<p><a href=\"http:\/\/www.kunstgalerie-barbara.de\/blog\/wp-content\/uploads\/2020\/06\/P1140663.jpg\"><img loading=\"lazy\" decoding=\"async\" class=\"aligncenter size-medium wp-image-21595\" src=\"http:\/\/www.kunstgalerie-barbara.de\/blog\/wp-content\/uploads\/2020\/06\/P1140663-277x300.jpg\" alt=\"\" width=\"277\" height=\"300\" srcset=\"http:\/\/www.kunstgalerie-barbara.de\/blog\/wp-content\/uploads\/2020\/06\/P1140663-277x300.jpg 277w, http:\/\/www.kunstgalerie-barbara.de\/blog\/wp-content\/uploads\/2020\/06\/P1140663-768x832.jpg 768w, http:\/\/www.kunstgalerie-barbara.de\/blog\/wp-content\/uploads\/2020\/06\/P1140663-945x1024.jpg 945w, http:\/\/www.kunstgalerie-barbara.de\/blog\/wp-content\/uploads\/2020\/06\/P1140663-1140x1236.jpg 1140w\" sizes=\"(max-width: 277px) 100vw, 277px\" \/><\/a>Ich bin Baujahr 1948 und lebe mit meiner Familie in einer WG-\u00e4hnlichen Gemeinschaft, in einem mit Efeu bewachsenen Haus in Bremen.<br \/>\nNeben dem Versuch einen vierk\u00f6pfigen Haushalt zu organisieren, bet\u00e4tige ich mich schriftstellerisch,\u00a0 fotografisch und last but not least als Malerin.<\/p>\n<p>Als mein Blog noch jung war, seitdem sind schon einige J\u00e4hrchen ins Land gegangen, ver\u00f6ffentlichte ich hier lediglich Ausz\u00fcge aus meinem B\u00fcchern<strong>,<\/strong> das tue ich nat\u00fcrlich von Zeit zu Zeit immer noch, doch bin ich inzwischen mehr und mehr dazu \u00fcbergegangen den Blog zu nutzen, um meine Meinung zu Politik und Gesellschaft zu ver\u00f6ffentlichen. Mein Blog ist also, wenn man so will, zu einer Art Magazin geworden, in der ich \u00fcber alle m\u00f6glichen Themen, die mir wichtig sind reflektiere, auch und gerade fotografisch. Humor spielt dabei eine nicht zu untersch\u00e4tzende Rolle, denn manches wird durch ihn erst verdaulich. Wer wei\u00df, in welche Richtung mein Blog sich in Zukunft noch entwickeln wird? Die Zeit wird es zeigen&#8230;<\/p>\n<p><strong>Meine B\u00fccher:<\/strong><\/p>\n<p>Mein erstes Buch: &#8220;<strong>Die Katze in der roten Baskenm\u00fctze<\/strong>&#8221; schildert die Flucht meiner Familie aus einem Vorort Stettins,\u00a0 Entwurzelung und Ankommen auf dem Gut Gro\u00df Below in Vorpommern 1945 und nicht zuletzt mein Erscheinen auf dieser Welt. Die Zwischenstation in Ost Berlin, erneute Flucht diesmal in den Westen Deutschlands, n\u00e4chste und f\u00fcr mich sehr wichtige Zwischenstation und Zeit\u00a0 in der Eifel!<br \/>\nWenn das Buch nicht schon einen recht passenden Titel h\u00e4tte, k\u00f6nnte es also mit Recht Zwischenstationen genannt werden!<\/p>\n<p>Der <strong>&#8220;Storch im Salat&#8221;<br \/>\n<\/strong>handelt von meiner Kindheit in den F\u00fcnfzigern und zu Beginn der Sechziger, die gemeinhin als<strong> spie\u00dfig<\/strong> und <strong>Aufbaujahre<\/strong> bezeichnet werden.\u00a0 Das Buch ist, wenn man so will eine Fortsetzung von<br \/>\n&#8221; <strong>Die Katze in der roten Baskenm\u00fctze<\/strong>&#8221;<br \/>\nEs beschreibt eine Zeit, in der ordentlich\u00a0 <strong>nachgeholt<\/strong> wurde.<br \/>\nNachgeholt bedeutete, all das in\u00a0 gestraffter Zeitspanne tun, was Kriegs- und Nachkriegszeit einem versagt hatte. Das Nachsehen dabei hatten all jene, wie ich , die nach dem Krieg geboren, eigentlich \u00fcberhaupt\u00a0 nichts nachzuholen hatten!<\/p>\n<p><em><strong> &#8220;Ein Bild von mir&#8221; <\/strong><\/em>schlie\u00dft an den<em><strong> Storch im Salat<\/strong><\/em>, es beschreibt meine\u00a0 Zeit als Heranwachsende in der ich sehr oft vergeblich versuchte, wie der Buchtitel andeutet, ein adequates Bild von mir zu bekommen.\u00a0 In einer Zeit, in der Selbstreflektion noch nicht allzuweit verbreitet war,\u00a0 kein leichtes Unterfangen also!<\/p>\n<p><em><strong>&#8220;Der Kotzbrocken<\/strong><\/em>&#8221; handelt von den &#8220;Siebzigern&#8221; und &#8220;Achtzigern!<br \/>\nEine Zeit der Kreativit\u00e4t, der Selbstverwirklichung, der Aussteiger, der Hippies, Gammler und was wei\u00df ich nicht noch alles!<\/p>\n<p>Im<strong><em> &#8220;Ein furzendes Katerchen&#8221; <\/em><\/strong>ver\u00f6ffentliche ich am\u00fcsante und mitunter auch ernstere Erlebnisse mit unterschiedlichsten Tieren, die mir \u00fcber meinen Lebensweg liefen. Unter anderem Geschichten, in denen die vielen Katzen, mit denen ich bisher mein Leben teilen durfte, eine Rolle spielen.<\/p>\n<p><em><strong>&#8220;Kinder,Kinder<\/strong><\/em>&#8221; ist eins meiner neuen Projekte, Es sind Geschichten die davon berichten, wie sch\u00f6n und am\u00fcsant, aber doch gleichzeitig auch schwierig und kompliziert es ist, kleine und auch sp\u00e4ter gr\u00f6\u00dfere Kinder zu haben. Das Buch ist fertig und seit kurzem zu erstehen, wie meine anderen B\u00fccher auch mit <em><strong>Klick<\/strong><\/em> auf die Buchtitel am rechten Rand meines Bogs.<\/p>\n<p><strong><em>&#8220;Auf einen Schlag&#8221; <\/em><\/strong> ein Buch \u00fcber die Gehirnblutung meines Mannes, wenn man so will die Fortsetzung von<br \/>\n&#8221; <em><strong>Tabu-Thema Wechseljahre<\/strong><\/em>&#8221; und handelt von dem Unwillen unserer Gesellschaft human mit behinderten nicht voll leistungsf\u00e4higen Menschen umzugehen.<\/p>\n","protected":false},"excerpt":{"rendered":"<p>Ich bin Baujahr 1948 und lebe mit meiner Familie in einer WG-\u00e4hnlichen Gemeinschaft, in einem mit Efeu bewachsenen Haus in Bremen. Neben dem Versuch einen vierk\u00f6pfigen Haushalt zu organisieren, bet\u00e4tige ich mich schriftstellerisch,\u00a0 fotografisch und last but not least als Malerin. Als mein Blog noch jung war, seitdem sind schon einige J\u00e4hrchen ins Land gegangen, ver\u00f6ffentlichte ich hier lediglich Ausz\u00fcge aus meinem B\u00fcchern, das tue ich nat\u00fcrlich von Zeit zu Zeit immer noch, doch bin ich inzwischen mehr und mehr dazu \u00fcbergegangen den Blog zu nutzen, um meine Meinung zu Politik und Gesellschaft zu ver\u00f6ffentlichen. Mein Blog ist also, wenn man so will, zu einer Art Magazin geworden, in der ich \u00fcber alle m\u00f6glichen Themen, die mir wichtig sind reflektiere, auch und gerade fotografisch. Humor spielt dabei eine nicht zu untersch\u00e4tzende Rolle, denn manches wird durch ihn erst verdaulich. Wer wei\u00df, in welche Richtung mein Blog sich in Zukunft noch entwickeln wird? Die Zeit wird es zeigen&#8230; Meine B\u00fccher: Mein erstes Buch: &#8220;Die Katze in der roten Baskenm\u00fctze&#8221; schildert die Flucht meiner Familie aus einem Vorort Stettins,\u00a0 Entwurzelung und Ankommen auf dem Gut Gro\u00df Below in Vorpommern 1945 und nicht zuletzt mein Erscheinen auf dieser Welt. Die Zwischenstation in Ost Berlin, erneute Flucht diesmal in den Westen Deutschlands, n\u00e4chste und f\u00fcr mich sehr wichtige Zwischenstation und Zeit\u00a0 in der Eifel! Wenn das Buch nicht schon einen recht passenden Titel h\u00e4tte, k\u00f6nnte es also mit Recht Zwischenstationen genannt werden! Der &#8220;Storch im Salat&#8221; handelt von meiner Kindheit in den F\u00fcnfzigern und zu Beginn der Sechziger, die gemeinhin als spie\u00dfig und Aufbaujahre bezeichnet werden.\u00a0 Das Buch ist, wenn man so will eine Fortsetzung von &#8221; Die Katze in der roten Baskenm\u00fctze&#8221; Es beschreibt eine Zeit, in der ordentlich\u00a0 nachgeholt wurde. Nachgeholt bedeutete, all das in\u00a0 gestraffter Zeitspanne tun, was Kriegs- und Nachkriegszeit einem versagt hatte. Das Nachsehen dabei hatten all jene, wie ich , die nach dem Krieg geboren, eigentlich \u00fcberhaupt\u00a0 nichts nachzuholen hatten! &#8220;Ein Bild von mir&#8221; schlie\u00dft an den Storch im Salat, es beschreibt meine\u00a0 Zeit als Heranwachsende in der ich sehr oft vergeblich versuchte, wie der Buchtitel andeutet, ein adequates Bild von mir zu bekommen.\u00a0 In einer Zeit, in der Selbstreflektion noch nicht allzuweit verbreitet war,\u00a0 kein leichtes Unterfangen also! &#8220;Der Kotzbrocken&#8221; handelt von den &#8220;Siebzigern&#8221; und &#8220;Achtzigern! Eine Zeit der Kreativit\u00e4t, der Selbstverwirklichung, der Aussteiger, der Hippies, Gammler und was wei\u00df ich nicht noch alles! Im &#8220;Ein furzendes Katerchen&#8221; ver\u00f6ffentliche ich am\u00fcsante und mitunter auch ernstere Erlebnisse mit unterschiedlichsten Tieren, die mir \u00fcber meinen Lebensweg liefen. Unter anderem Geschichten, in denen die vielen Katzen, mit denen ich bisher mein Leben teilen durfte, eine Rolle spielen. &#8220;Kinder,Kinder&#8221; ist eins meiner neuen Projekte, Es sind Geschichten die davon berichten, wie sch\u00f6n und am\u00fcsant, aber doch gleichzeitig auch schwierig und kompliziert es ist, kleine und auch sp\u00e4ter gr\u00f6\u00dfere Kinder zu haben. Das Buch ist fertig und seit kurzem zu erstehen, wie meine anderen B\u00fccher auch mit Klick auf die Buchtitel am rechten Rand meines Bogs. &#8220;Auf einen Schlag&#8221; ein Buch \u00fcber die Gehirnblutung meines Mannes, wenn man so will die Fortsetzung von &#8221; Tabu-Thema Wechseljahre&#8221; und handelt von dem Unwillen unserer Gesellschaft human mit behinderten nicht voll leistungsf\u00e4higen Menschen umzugehen.<\/p>\n","protected":false},"author":1,"featured_media":0,"parent":0,"menu_order":0,"comment_status":"open","ping_status":"open","template":"","meta":{"footnotes":""},"_links":{"self":[{"href":"http:\/\/www.kunstgalerie-barbara.de\/blog\/wp-json\/wp\/v2\/pages\/3"}],"collection":[{"href":"http:\/\/www.kunstgalerie-barbara.de\/blog\/wp-json\/wp\/v2\/pages"}],"about":[{"href":"http:\/\/www.kunstgalerie-barbara.de\/blog\/wp-json\/wp\/v2\/types\/page"}],"author":[{"embeddable":true,"href":"http:\/\/www.kunstgalerie-barbara.de\/blog\/wp-json\/wp\/v2\/users\/1"}],"replies":[{"embeddable":true,"href":"http:\/\/www.kunstgalerie-barbara.de\/blog\/wp-json\/wp\/v2\/comments?post=3"}],"version-history":[{"count":6,"href":"http:\/\/www.kunstgalerie-barbara.de\/blog\/wp-json\/wp\/v2\/pages\/3\/revisions"}],"predecessor-version":[{"id":21597,"href":"http:\/\/www.kunstgalerie-barbara.de\/blog\/wp-json\/wp\/v2\/pages\/3\/revisions\/21597"}],"wp:attachment":[{"href":"http:\/\/www.kunstgalerie-barbara.de\/blog\/wp-json\/wp\/v2\/media?parent=3"}],"curies":[{"name":"wp","href":"https:\/\/api.w.org\/{rel}","templated":true}]}}

Über mich&#8230;

<p><a href="http://www.kunstgalerie-barbara.de/blog/wp-content/uploads/2020/06/P1140663.jpg"><img loading="lazy" decoding="async" class="aligncenter size-medium wp-image-21595" src="http://www.kunstgalerie-barbara.de/blog/wp-content/uploads/2020/06/P1140663-277x300.jpg" alt="" width="277" height="300" srcset="http://www.kunstgalerie-barbara.de/blog/wp-content/uploads/2020/06/P1140663-277x300.jpg 277w, http://www.kunstgalerie-barbara.de/blog/wp-content/uploads/2020/06/P1140663-768x832.jpg 768w, http://www.kunstgalerie-barbara.de/blog/wp-content/uploads/2020/06/P1140663-945x1024.jpg 945w, http://www.kunstgalerie-barbara.de/blog/wp-content/uploads/2020/06/P1140663-1140x1236.jpg 1140w" sizes="(max-width: 277px) 100vw, 277px" /></a>Ich bin Baujahr 1948 und lebe mit meiner Familie in einer WG-ähnlichen Gemeinschaft, in einem mit Efeu bewachsenen Haus in Bremen.<br />
Neben dem Versuch einen vierköpfigen Haushalt zu organisieren, betätige ich mich schriftstellerisch,  fotografisch und last but not least als Malerin.</p>
<p>Als mein Blog noch jung war, seitdem sind schon einige Jährchen ins Land gegangen, veröffentlichte ich hier lediglich Auszüge aus meinem Büchern<strong>,</strong> das tue ich natürlich von Zeit zu Zeit immer noch, doch bin ich inzwischen mehr und mehr dazu übergegangen den Blog zu nutzen, um meine Meinung zu Politik und Gesellschaft zu veröffentlichen. Mein Blog ist also, wenn man so will, zu einer Art Magazin geworden, in der ich über alle möglichen Themen, die mir wichtig sind reflektiere, auch und gerade fotografisch. Humor spielt dabei eine nicht zu unterschätzende Rolle, denn manches wird durch ihn erst verdaulich. Wer weiß, in welche Richtung mein Blog sich in Zukunft noch entwickeln wird? Die Zeit wird es zeigen&#8230;</p>
<p><strong>Meine Bücher:</strong></p>
<p>Mein erstes Buch: &#8220;<strong>Die Katze in der roten Baskenmütze</strong>&#8221; schildert die Flucht meiner Familie aus einem Vorort Stettins,  Entwurzelung und Ankommen auf dem Gut Groß Below in Vorpommern 1945 und nicht zuletzt mein Erscheinen auf dieser Welt. Die Zwischenstation in Ost Berlin, erneute Flucht diesmal in den Westen Deutschlands, nächste und für mich sehr wichtige Zwischenstation und Zeit  in der Eifel!<br />
Wenn das Buch nicht schon einen recht passenden Titel hätte, könnte es also mit Recht Zwischenstationen genannt werden!</p>
<p>Der <strong>&#8220;Storch im Salat&#8221;<br />
</strong>handelt von meiner Kindheit in den Fünfzigern und zu Beginn der Sechziger, die gemeinhin als<strong> spießig</strong> und <strong>Aufbaujahre</strong> bezeichnet werden.  Das Buch ist, wenn man so will eine Fortsetzung von<br />
&#8221; <strong>Die Katze in der roten Baskenmütze</strong>&#8221;<br />
Es beschreibt eine Zeit, in der ordentlich  <strong>nachgeholt</strong> wurde.<br />
Nachgeholt bedeutete, all das in  gestraffter Zeitspanne tun, was Kriegs- und Nachkriegszeit einem versagt hatte. Das Nachsehen dabei hatten all jene, wie ich , die nach dem Krieg geboren, eigentlich überhaupt  nichts nachzuholen hatten!</p>
<p><em><strong> &#8220;Ein Bild von mir&#8221; </strong></em>schließt an den<em><strong> Storch im Salat</strong></em>, es beschreibt meine  Zeit als Heranwachsende in der ich sehr oft vergeblich versuchte, wie der Buchtitel andeutet, ein adequates Bild von mir zu bekommen.  In einer Zeit, in der Selbstreflektion noch nicht allzuweit verbreitet war,  kein leichtes Unterfangen also!</p>
<p><em><strong>&#8220;Der Kotzbrocken</strong></em>&#8221; handelt von den &#8220;Siebzigern&#8221; und &#8220;Achtzigern!<br />
Eine Zeit der Kreativität, der Selbstverwirklichung, der Aussteiger, der Hippies, Gammler und was weiß ich nicht noch alles!</p>
<p>Im<strong><em> &#8220;Ein furzendes Katerchen&#8221; </em></strong>veröffentliche ich amüsante und mitunter auch ernstere Erlebnisse mit unterschiedlichsten Tieren, die mir über meinen Lebensweg liefen. Unter anderem Geschichten, in denen die vielen Katzen, mit denen ich bisher mein Leben teilen durfte, eine Rolle spielen.</p>
<p><em><strong>&#8220;Kinder,Kinder</strong></em>&#8221; ist eins meiner neuen Projekte, Es sind Geschichten die davon berichten, wie schön und amüsant, aber doch gleichzeitig auch schwierig und kompliziert es ist, kleine und auch später größere Kinder zu haben. Das Buch ist fertig und seit kurzem zu erstehen, wie meine anderen Bücher auch mit <em><strong>Klick</strong></em> auf die Buchtitel am rechten Rand meines Bogs.</p>
<p><strong><em>&#8220;Auf einen Schlag&#8221; </em></strong> ein Buch über die Gehirnblutung meines Mannes, wenn man so will die Fortsetzung von<br />
&#8221; <em><strong>Tabu-Thema Wechseljahre</strong></em>&#8221; und handelt von dem Unwillen unserer Gesellschaft human mit behinderten nicht voll leistungsfähigen Menschen umzugehen.</p>

<p>Ich bin Baujahr 1948 und lebe mit meiner Familie in einer WG-ähnlichen Gemeinschaft, in einem mit Efeu bewachsenen Haus in Bremen. Neben dem Versuch einen vierköpfigen Haushalt zu organisieren, betätige ich mich schriftstellerisch,  fotografisch und last but not least als Malerin. Als mein Blog noch jung war, seitdem sind schon einige Jährchen ins Land gegangen, veröffentlichte ich hier lediglich Auszüge aus meinem Büchern, das tue ich natürlich von Zeit zu Zeit immer noch, doch bin ich inzwischen mehr und mehr dazu übergegangen den Blog zu nutzen, um meine Meinung zu Politik und Gesellschaft zu veröffentlichen. Mein Blog ist also, wenn man so will, zu einer Art Magazin geworden, in der ich über alle möglichen Themen, die mir wichtig sind reflektiere, auch und gerade fotografisch. Humor spielt dabei eine nicht zu unterschätzende Rolle, denn manches wird durch ihn erst verdaulich. Wer weiß, in welche Richtung mein Blog sich in Zukunft noch entwickeln wird? Die Zeit wird es zeigen&#8230; Meine Bücher: Mein erstes Buch: &#8220;Die Katze in der roten Baskenmütze&#8221; schildert die Flucht meiner Familie aus einem Vorort Stettins,  Entwurzelung und Ankommen auf dem Gut Groß Below in Vorpommern 1945 und nicht zuletzt mein Erscheinen auf dieser Welt. Die Zwischenstation in Ost Berlin, erneute Flucht diesmal in den Westen Deutschlands, nächste und für mich sehr wichtige Zwischenstation und Zeit  in der Eifel! Wenn das Buch nicht schon einen recht passenden Titel hätte, könnte es also mit Recht Zwischenstationen genannt werden! Der &#8220;Storch im Salat&#8221; handelt von meiner Kindheit in den Fünfzigern und zu Beginn der Sechziger, die gemeinhin als spießig und Aufbaujahre bezeichnet werden.  Das Buch ist, wenn man so will eine Fortsetzung von &#8221; Die Katze in der roten Baskenmütze&#8221; Es beschreibt eine Zeit, in der ordentlich  nachgeholt wurde. Nachgeholt bedeutete, all das in  gestraffter Zeitspanne tun, was Kriegs- und Nachkriegszeit einem versagt hatte. Das Nachsehen dabei hatten all jene, wie ich , die nach dem Krieg geboren, eigentlich überhaupt  nichts nachzuholen hatten! &#8220;Ein Bild von mir&#8221; schließt an den Storch im Salat, es beschreibt meine  Zeit als Heranwachsende in der ich sehr oft vergeblich versuchte, wie der Buchtitel andeutet, ein adequates Bild von mir zu bekommen.  In einer Zeit, in der Selbstreflektion noch nicht allzuweit verbreitet war,  kein leichtes Unterfangen also! &#8220;Der Kotzbrocken&#8221; handelt von den &#8220;Siebzigern&#8221; und &#8220;Achtzigern! Eine Zeit der Kreativität, der Selbstverwirklichung, der Aussteiger, der Hippies, Gammler und was weiß ich nicht noch alles! Im &#8220;Ein furzendes Katerchen&#8221; veröffentliche ich amüsante und mitunter auch ernstere Erlebnisse mit unterschiedlichsten Tieren, die mir über meinen Lebensweg liefen. Unter anderem Geschichten, in denen die vielen Katzen, mit denen ich bisher mein Leben teilen durfte, eine Rolle spielen. &#8220;Kinder,Kinder&#8221; ist eins meiner neuen Projekte, Es sind Geschichten die davon berichten, wie schön und amüsant, aber doch gleichzeitig auch schwierig und kompliziert es ist, kleine und auch später größere Kinder zu haben. Das Buch ist fertig und seit kurzem zu erstehen, wie meine anderen Bücher auch mit Klick auf die Buchtitel am rechten Rand meines Bogs. &#8220;Auf einen Schlag&#8221; ein Buch über die Gehirnblutung meines Mannes, wenn man so will die Fortsetzung von &#8221; Tabu-Thema Wechseljahre&#8221; und handelt von dem Unwillen unserer Gesellschaft human mit behinderten nicht voll leistungsfähigen Menschen umzugehen.</p>
